se 14) in base 8?
-2
-19 (base 15) to base 13
-1b
-100 (base 4) to base 12
-14
What is -203 (base 8) in base 16?
-83
0 (base 3) to base 8
0
1103 (base 5) to base 8
231
-36 (base 8) to base 6
-50
11 (base 12) to base 14
d
What is 13 (base 4) in base 13?
7
What is 1 (base 15) in base 2?
1
Convert 3 (base 4) to base 16.
3
Convert 111 (base 3) to base 7.
16
What is 2 (base 8) in base 6?
2
Convert -10 (base 3) to base 11.
-3
What is 93 (base 10) in base 8?
135
Convert b (base 12) to base 9.
12
-2c (base 14) to base 2
-101000
What is 254 (base 8) in base 10?
172
What is 102101 (base 3) in base 14?
17d
-5 (base 13) to base 4
-11
-1100 (base 2) to base 15
-c
What is 6e (base 16) in base 5?
420
Convert -110 (base 2) to base 6.
-10
What is -11001 (base 2) in base 3?
-221
What is -1111 (base 3) in base 15?
-2a
What is -12 (base 3) in base 11?
-5
Convert 49 (base 12) to base 8.
71
What is 10 (base 7) in base 11?
7
Convert -263 (base 7) to base 8.
-217
Convert -2 (base 7) to base 4.
-2
2 (base 7) to base 12
2
Convert -16 (base 9) to base 2.
-1111
What is ac (base 16) in base 9?
211
What is 11 (base 3) in base 9?
4
-97 (base 12) to base 4
-1303
45 (base 9) to base 7
56
-37 (base 12) to base 10
-43
-5 (base 7) to base 4
-11
Convert -1122 (base 3) to base 8.
-54
What is 150 (base 6) in base 12?
56
Convert 521 (base 6) to base 10.
193
Convert -5 (base 6) to base 5.
-10
-1 (base 3) to base 16
-1
What is -5 (base 9) in base 16?
-5
4d (base 15) to base 9
81
2 (base 10) to base 7
2
What is 7 (base 9) in base 14?
7
What is -3 (base 14) in base 6?
-3
What is -1 (base 11) in base 16?
-1
Convert -34 (base 11) to base 12.
-31
-220 (base 6) to base 14
-60
Convert 330 (base 5) to base 11.
82
5 (base 15) to base 8
5
-6 (base 8) to base 16
-6
-110 (base 2) to base 8
-6
Convert -125 (base 6) to base 10.
-53
What is -57 (base 13) in base 15?
-4c
-112 (base 3) to base 16
-e
-1 (base 13) to base 4
-1
Convert 3 (base 7) to base 15.
3
What is 201 (base 4) in base 6?
53
Convert 2 (base 12) to base 9.
2
Convert -14 (base 12) to base 13.
-13
0 (base 8) to base 13
0
Convert -17 (base 8) to base 16.
-f
Convert -23 (base 11) to base 4.
-121
Convert -1 (base 2) to base 5.
-1
-1 (base 14) to base 11
-1
What is 100000 (base 2) in base 13?
26
What is 1 (base 7) in base 5?
1
Convert -2 (base 7) to base 11.
-2
What is -172 (base 8) in base 2?
-1111010
Convert 101001 (base 2) to base 16.
29
Convert -35 (base 15) to base 9.
-55
-8 (base 16) to base 9
-8
What is -11 (base 3) in base 4?
-10
What is 32 (base 10) in base 2?
100000
10 (base 2) to base 7
2
Convert 0 (base 8) to base 3.
0
What is 9 (base 14) in base 8?
11
Convert -100100 (base 2) to base 14.
-28
Convert 1111 (base 2) to base 14.
11
-5 (base 12) to base 10
-5
13 (base 4) to base 6
11
What is -353 (base 6) in base 2?
-10001101
What is -2 (base 9) in base 15?
-2
-47 (base 14) to base 12
-53
What is -3 (base 9) in base 16?
-3
6 (base 9) to base 6
10
What is -39 (base 12) in base 11?
-41
What is 1f (base 16) in base 10?
31
What is -100 (base 5) in base 2?
-11001
What is 27 (base 8) in base 14?
19
Convert -235 (base 6) to base 2.
-1011111
Convert -26 (base 8) to base 3.
-211
2 (base 9) to base 10
2
Convert 1 (base 3) to base 14.
1
What is -134 (base 5) in base 2?
-101100
Convert 5 (base 15) to base 5.
10
Convert 53 (base 6) to base 2.
100001
1d (base 16) to base 15
1e
41 (base 7) to base 6
45
-3 (base 9) to base 4
-3
Convert 5 (base 7) to base 6.
5
What is -4 (base 7) in base 10?
-4
What is -7 (base 13) in base 10?
-7
405 (base 7) to base 5
1301
26 (base 12) to base 8
36
Convert 14 (base 10) to base 5.
24
-28a (base 12) to base 2
-110001010
What is 4 (base 13) in base 8?
4
What is -7 (base 10) in base 4?
-13
Convert 1 (base 10) to base 16.
1
What is 60 (base 7) in base 11?
39
-42 (base 8) to base 7
-46
25 (base 6) to base 11
16
27 (base 11) to base 4
131
Convert -53 (base 10) to base 13.
-41
-44 (base 6) to base 16
-1c
What is 12 (base 4) in base 7?
6
20 (base 3) to base 5
11
Convert -2 (base 6) to base 12.
-2
-11 (base 4) to base 10
-5
76 (base 14) to base 8
150
What is -63 (base 13) in base 5?
-311
What is 10011 (base 2) in base 15?
14
Convert 56 (base 16) to base 6.
222
What is -2 (base 6) in base 5?
-2
-1 (base 10) to base 14
-1
What is 266 (base 7) in base 11?
123
What is -101 (base 2) in base 5?
-10
What is 2 (base 16) in base 10?
2
What is -7 (base 16) in base 7?
-10
What is -44 (base 7) in base 3?
-1012
What is 1 (base 7) in base 3?
1
-50 (base 11) to base 13
-43
What is 18 (base 9) in base 8?
21
55 (base 8) to base 16
2d
Convert -3 (base 12) to base 15.
-3
Convert -14 (base 7) to base 16.
-b
What is -100 (base 2) in base 6?
-4
6 (base 15) to base 10
6
Convert 2233 (base 4) to base 9.
214
-8f (base 16) to base 2
-10001111
Convert 2 (base 15) to base 5.
2
Convert 1 (base 4) to base 2.
1
What is -15 (base 7) in base 11?
-11
Convert -15 (base 6) to base 15.
-b
What is 143 (base 6) in base 11?
58
18 (base 9) to base 2
10001
-1 (base 2) to base 3
-1
What is 1c (base 16) in base 6?
44
Convert -361 (base 10) to base 8.
-551
What is -2 (base 7) in base 8?
-2
What is 132 (base 5) in base 8?
52
What is -32 (base 4) in base 11?
-13
What is -1011110 (base 2) in base 16?
-5e
Convert -11 (base 6) to base 3.
-21
What is -234 (base 5) in base 11?
-63
-200 (base 3) to base 8
-22
0 (base 3) to base 6
0
What is -86 (base 10) in base 5?
-321
37 (base 13) to base 3
1201
What is 7 (base 13) in base 11?
7
What is -220 (base 4) in base 7?
-55
What is -46 (base 11) in base 5?
-200
1 (base 14) to base 15
1
Convert 53 (base 6) to base 2.
100001
What is -112 (base 9) in base 7?
-161
Convert -36 (base 11) to base 12.
-33
What is -48 (base 13) in base 10?
-60
What is 10011 (base 2) in base 11?
18
-11 (base 8) to base 15
-9
1 (base 12) to base 9
1
What is 2 (base 6) in base 12?
2
What is 211 (base 3) in base 4?
112
Convert -2 (base 15) to base 12.
-2
Convert -5 (base 16) to base 13.
-5
Convert -2 (base 11) to base 15.
-2
What is -4 (base 10) in base 14?
-4
Convert 48 (base 15) to base 10.
68
2 (base 7) to base 3
2
32 (base 9) to base 11
27
Convert 1000 (base 5) to base 10.
125
What is 2 (base 11) in base 13?
2
What is 22120 (base 3) in base 15?
106
What is 5 (base 11) in base 7?
5
4 (base 5) to base 16
4
a (base 11) to base 10
10
What is -5 (base 6) in base 12?
-5
What is -2 (base 14) in base 13?
-2
37 (base 13) to base 14
34
What is 10 (base 3) in base 5?
3
Convert -110000100 (base 2) to base 11.
-323
5 (base 8) to base 3
12
What is -a6 (base 14) in base 13?
-b3
Convert 4 (base 13) to base 8.
4
What is 1 (base 9) in base 16?
1
Convert 19 (base 13) to base 7.
31
Convert -2234 (base 5) to base 16.
-13f
What is 60 (base 8) in base 4?
300
-11 (base 13) to base 14
-10
Convert -2 (base 13) to base 11.
-2
b (base 14) to base 6
15
4 (base 10) to base 8
4
What is 2 (base 11) in base 2?
10
What is -43 (base 13) in base 12?
-47
What is -13 (base 4) in base 8?
-7
108 (base 10) to base 2
1101100
20 (base 5) to base 4
22
-2 (base 13) to base 14
-2
-3 (base 6) to base 14
-3
26 (base 11) to base 5
103
What is 1 (base 3) in base 11?
1
What is 13 (base 16) in base 9?
21
Convert -2 (base 8) to base 5.
-2
What is 142 (base 10) in base 14?
a2
Convert 13 (base 10) to base 12.
11
What is 1 (base 5) in base 6?
1
What is 8d (base 14) in base 4?
1331
-31 (base 4) to base 9
-14
-101 (base 2) to base 4
-11
What is 1225 (base 6) in base 14?
17b
20 (base 8) to base 12
14
-5 (base 6) to base 9
-5
24 (base 14) to base 16
20
12 (base 4) to base 12
6
Convert 2 (base 13) to base 4.
2
What is 15 (base 15) in base 6?
32
5 (base 10) to base 15
5
What is 8 (base 16) in base 11?
8
Convert 0 (base 13) to base 2.
0
150 (base 16) to base 14
1a0
What is -37 (base 8) in base 6?
-51
Convert -10 (base 16) to base 9.
-17
-7 (base 12) to base 6
-11
Convert 5 (base 13) to base 7.
5
1010 (base 2) to base 5
20
What is -4 (base 5) in base 3?
-11
-27 (base 12) to base 16
-1f
Convert 21 (base 3) to base 10.
7
Convert -2 (base 9) to base 5.
-2
What is -5 (base 16) in base 9?
-5
Convert -22 (base 4) to base 6.
-14
What is -b1 (base 12) in base 14?
-97
What is -10 (base 8) in base 3?
-22
-2 (base 15) to base 8
-2
What is -1022 (base 4) in base 16?
-4a
What is 34 (base 8) in base 12?
24
3201 (base 4) to base 10
2